a = -488. Let c = -115 - m. Let v = 16 + c. Let g(l) = 8*l**3 + l**2 - l - 1. Give g(v).
-7
Let i(v) = 22*v + 1384. Let m be i(-63). Let o(u) be the first derivative of 1 - 1/2*u**2 - 3*u. Give o(m).
-1
Let w = -62 + 56. Let h = -1 - w. Let f(u) = -u**2 + 2 - 4 + u + u - 4. What is f(h)?
-21
Let o(z) = z**3 - 8*z**2 - 6*z - 19. Let y = -12955 - -12963. What is o(y)?
-67
Let r = -250 + 371. Let i(m) = 2 - r*m + 241*m - 121*m. Determine i(6).
-4
Let p(z) = -z**3 - 25*z**2 - z - 22. Suppose -4*l + 2*w - 100 = 0, w + 136 - 61 = -3*l. Give p(l).
3
Let p(i) = -6*i + 52. Suppose 0 = -60*w + 56*w - a + 19, -4*a = -5*w + 8. Give p(w).
28
Let l(w) = -w**3 - 2*w**2. Let x(y) = 2*y**3 + 11*y**2 + 8*y + 1. Let r(p) = 3*l(p) + x(p). Suppose -m - 11 = 7. Let b = -12 - m. Give r(b).
13
Let v(l) be the third derivative of -l**6/120 - 4*l**5/15 + l**4 - 7*l**3/6 - 1426*l**2. Give v(-17).
-126
Let f(p) = p + 3. Suppose -21 = 3*b - 60. Suppose 0 = -5*y + b - 3. Let w(x) = 2*x + 4. Let a(u) = y*w(u) - 3*f(u). What is a(-1)?
-2
Let d(n) = -n + 40. Let b be 96/(-216) + (1865/45 - 3). Determine d(b).
2
Let d(i) = 16*i + 2 + 18*i + 1 - 44*i + 18*i. Give d(3).
27
Suppose -599 = -4*o - 4*c + c, -o + 154 = 5*c. Let t = 146 - o. Let k(a) = -1 + 2*a - a - 5*a**2 + 6*a**2 + 2. What is k(t)?
7
Let m(b) = 131 + 117 + 2*b + 129 - 381 + 3*b**2. Determine m(4).
52
Let c(u) be the second derivative of -u**5/20 - 7*u**4/6 - 3*u**3/2 - 7*u**2 + 11*u - 14. Give c(-13).
-66
Let z(x) = -7*x. Let q(b) = -b**2 + 14*b + 5. Let p be q(13). Suppose 36*l - p = 33*l. Suppose -l*y + 5*y + 1 = 0, 5*o - 5 = 5*y. Determine z(o).
-14
Let a(h) = -h**2 + 5*h + 4. Let u(i) = -2*i**2 + 40*i - 4. Let o be u(12). Suppose o = 14*x + 76. Determine a(x).
-20
Let j be 6/33 + ((-3098)/(-22) - -5). Let z = -152 + j. Let k(x) = -x**3 - 7*x**2 - 3*x + 8. What is k(z)?
-10
Let k(n) = -8 + 13*n - 27*n + 2*n**2 - 13 + 20. Calculate k(8).
15
Let p(w) = -w**2 + 8*w - 11. Let k be p(6). Let b be (9 + -13)*(k + 0). Let z(m) = -1 + 0*m**2 - 4*m**2 - 4*m + 3*m**2. What is z(b)?
-1
Suppose -9 + 20 = 26*x - 457. Let l(n) = n**2 - 22*n + 78. Give l(x).
6
Let x(c) = -76*c**3 + 151*c**3 + 8*c**2 - 74*c**3 - c**2 - 6*c**2. Suppose 5*k - k = -12. Determine x(k).
-18
Let w(y) = -7*y + 2. Suppose -2*i + 16*i - 42 = 0. Let s be ((-12)/(-8))/(i/(-4)). Determine w(s).
16
Let g(v) = v**3 + 3*v**2 - 5*v - 4. Suppose 136 = 3*r - 2*n, 4 = r + 2*n - 44. Suppose r*s - 33 = 57*s. Calculate g(s).
11
Let r(m) = m**2 - m - 5. Let h be r(4). Let o(v) = v**3. Let y(q) = 2*q**3 + 8*q**2 - 7*q - 6. Let j(t) = 3*o(t) - y(t). Give j(h).
6
Let x(f) be the third derivative of 35*f**4/24 - 79*f**3/2 - 3*f**2 - 1168. Determine x(7).
8
Let k(q) = -3*q + 100. Let r be k(20). Suppose 14*i - 4*i = -r. Let z(y) = y**2 + 2*y + 4. Give z(i).
12
Let t be (12/30)/(1 - 18/15). Let y be (((-1)/t)/((-12)/96))/(-2). Let i(v) = 1 - 2 + v - 3*v. Calculate i(y).
-5
Let x(g) be the first derivative of g**3/3 + g**2 - 95*g + 5670. Give x(9).
4
Suppose -f + 4 = h - 0*f, h = -4*f + 19. Let w be (h - 1)/(0 - (-12)/18). Let d(i) = -i**3 - 2*i**2 - 3. What is d(w)?
6
Let a(u) = 598 - 153 - 258 + 9*u. Calculate a(-21).
-2
Let g(j) = -j**2 - j - 4. Let y(b) = b**3 + 13*b**2 - 22*b - 109. Let q be y(-14). Calculate g(q).
-16
Let i = -4933 - -4944. Let l(h) = -h**3 + 10*h**2 + 11*h - 11. Determine l(i).
-11
Suppose -11*v - 42 = -3*j - 8*v, 0 = -4*j + 3*v + 52. Let g(n) be the second derivative of 1/3*n**3 - j*n + 7/2*n**2 + 0. What is g(-5)?
-3
Suppose 2*h + 15 = 3*t + 7, -20 = 5*h. Let n(q) be the third derivative of t*q**3 - 6*q**2 + 2/15*q**5 + 0 + 0*q**4 + 0*q. Calculate n(-1).
8
Suppose -5*v + 43 + 2 = 0. Let g(d) = 6*d**2 + 9*d - 1. Let t(h) = -24*h**2 - 39*h + 3. Let p(r) = v*g(r) + 2*t(r). Give p(2).
27
Let w(m) = 6*m - 46 + 9*m - 7*m + 49 - 12*m + 3*m. Let z = -3 - 1. What is w(z)?
7
Let r(d) = -190 + 200 - 120 + 3*d + d. Let b be r(29). Let c(w) = -2*w**2 + 9*w - 2. Give c(b).
-20
Let f(j) = -101*j**2 - 28*j - 21. Let q(r) = 72*r**2 + 19*r + 14. Let n(i) = -5*f(i) - 7*q(i). Suppose -g - 28 = 3*g. Determine n(g).
7
Let l = 1553 + -4658/3. Let a(i) be the first derivative of 2*i**2 - l*i**3 + 22 + 8*i. Give a(6).
-4
Let i(d) = -2*d**2 - 47*d + 12. Let n be i(-24). Let x(h) = h**2 + 10*h - 20. Let q be x(n). Let f(y) = 5*y + 5. What is f(q)?
25
Let t(g) = g - 11. Let w(h) = 3*h - 7. Let b be w(3). Let i(m) = m**3 - 7*m**2 + 12*m. Let c be i(b). Calculate t(c).
-7
Let h(l) = -7*l**3 + 16*l**2 - l + 40. Let v(n) = -2*n**3 + 4*n**2 + 11. Let g(z) = 3*h(z) - 11*v(z). Let y be -4 + 0 - 0 - 0. Calculate g(y).
11
Let j(h) be the second derivative of h**4/12 + h**3/2 - 25*h**2/2 + h + 933. Calculate j(-9).
29
Let s(r) be the first derivative of r**2 + 12*r - 1219. What is s(-5)?
2
Let b(d) = 35*d - 802. Let h be b(23). Let j(u) = 10*u**2 + 5*u - 2. Determine j(h).
103
Let a(m) = 231064*m - 9*m**2 - 115518*m - 115521*m. Give a(3).
-6
Suppose z + 123 = 3*x, -2*z = -4*x + 223 + 13. Let n = 103 + z. Let k(q) = q**2 + 6*q - 1. Give k(n).
-6
Let j(y) = 2*y - 3. Let w be j(3). Suppose -3*o + w - 22 = -5*a, -4*a - 4*o - 4 = 0. Let k(x) = 12*x + 2*x**a - 3*x**2 + 4 - 6*x. Give k(8).
-12
Let y(s) = -3*s**2 + 8*s + 13*s**2 - s**3 - 5*s - 135 + 68 + 81. Determine y(11).
-74
Suppose 0*b - 11 = b. Let w(l) = 77*l + 7. Let g(p) = -58*p - 7. Let n(h) = -4*g(h) - 3*w(h). Calculate n(b).
-4
Let s be (-1771)/(-2093) + 4/26. Let d(o) = 2*o - 3. Let t(n) = -4*n + 7. Let q(l) = 14*d(l) + 6*t(l). Determine q(s).
4
Let v be (56/10)/(118/9735). Let j = 461 - v. Let b(m) = 8*m**3 + 0 - m**2 + 0 - 2*m - 1. Give b(j).
-8
Let d(w) = -w**3 - 4*w**2 - 5*w. Let a(g) = g**2 + 5*g - 4. Let x be (-1)/((-10)/4)*5. Suppose x*p = -53 + 43. Let v be a(p). Give d(v).
20
Let s(k) = -2*k**3 + 9*k + 4 - 3*k**3 - 10*k**2 + 6*k**3. Let a = 1622 + -1618. Let i(r) = 5*r**2 - 17*r - 3. Let p be i(a). Determine s(p).
4
Let b = -6440 - -6440. Let q(m) = -m**2 + 2*m + 2. What is q(b)?
2
Let j be (-3)/(-6) + 3/(18/21). Let o(z) = 11*z**2 - 2*z - 35. Let b(w) = 5*w**2 - w - 18. Let r(m) = j*o(m) - 9*b(m). What is r(0)?
22
Let w = 2609 + -2599. Let z(s) = s**3 - 11*s**2 + 8*s + 23. Give z(w).
3
Let u(y) = y**3 - 5*y**2 - 2*y - 3. Let r = -78 + 81. Let b be ((-140)/(-98))/(2/21*r). What is u(b)?
-13
Let y = 150 + -150. Suppose w + y + 0 = 0. Let i(g) be the third derivative of -g**5/60 - g**4/24 + g**3/3 - 3*g**2. Calculate i(w).
2
Let g(h) = -15*h + 42. Let z be (4*(-3)/(-12) - 3)/(72/(-108)). Calculate g(z).
-3
Let w(g) = -g**3 - 3*g**2 + 4*g + 2. Let n(f) = 28*f - 18. Let a be n(9). Suppose -a = -9*v - 4*v. Suppose v*s = 13*s - 15. Give w(s).
-10
Let x be 18/(-4) + (-544)/(-64). Suppose i = -1, 3*i + 289 = 2*q + 28. Let p(a) = -68*a - 62*a + q*a + x. Calculate p(3).
1
Let n(z) = 0 + 47*z - 1 + 5 - 4 + 5. What is n(-2)?
-89
Let s(z) = -4*z - 53 - 55 + 14*z**2 + 109 - 12*z**2. Determine s(4).
17
Let j(l) be the second derivative of l**5/20 + l**4/12 + 5*l**3/6 + l**2 - 4*l - 7. Calculate j(-2).
-12
Let i = 134 - 130. Suppose i*n - 10 = -n. Let o(y) be the second derivative of -y**3 + y**2/2 - y. Determine o(n).
-11
Let d(n) = 6*n + 25. Let p = 106 + -90. Let j(r) = -2*r + 29. Let v be j(p). Let k be d(v). Let w(s) = s - 7. Calculate w(k).
0
Let g(t) = -3*t**2 + 5*t**2 + 43 + 168 - 195. Give g(-4).
48
Suppose -98 = -14*h - 0. Let v be (7/14)/(1/8). Let f(r) = 3 - r**2 + r - 2*r + v*r + 4*r. Calculate f(h).
3
Let r be (-9)/(-12)*(-2552)/87. Let i(w) = 3*w + 61. What is i(r)?
-5
Let k be 1 + 9/(-3) + -10. Let i = -7 - k. Let n(g) = -14 + 4*g - g**3 + 19 - i*g. What is n(0)?
5
Let j = -214 + 216. Let x = -13 - -16. Let k(o) = -3. Let r(z) = -z - 4. Let c(a) = x*r(a) - 4*k(a). Give c(j).
-6
Let y(s) = -3*s**3 - 79*s**2 - 7*s + 16. Let q(k) = -k**3 - 25*k**2 - 2*k + 5. Let h(i) = 19*q(i) - 6*y(i). What is h(3)?
-25
Let s(n) = 2*n**2 - 4*n - 6. Let k = 7955 + -7949. What is s(k)?
42
Let p(o) = -o**2 - 2*o + 82. Let t(w) = -3*w**3 + 196*w**2 + 138*w - 389. Let c be t(66). What is p(c)?
19
Let z(d) = 11 + 5*d - 5 + d**2 - 4*d + 0*d. Suppose 27 = -l + 5*a, -9 = 3*l + 2*a + a. Let u(y) = y + 7. Let q be u(l). Give z(q).
6
Let n(p) be the first derivative of p**3/3 + 2*p**2 + p + 1. Let l(b) = 2188 - 1005 + 10*b - 1097. Let d be l(-9). C